 + (1 - -12))) - 20
-20
Calculate 35 + -42 + (-193 - -16 - -29).
-155
Evaluate -2 + 6 + 18 - (44 - 44 - (14 + -1)).
35
What is the value of -60 + (1 - -10) + -2 + -2 + -18 + 16?
-55
Calculate -142 - (35 - (44 + -8)) - -14.
-127
Evaluate 23 - (-29 + 39 + -17 + 57).
-27
What is the value of 1 + -1 + (-162 + 147 - (-37 - 1))?
23
What is (-818 - -736) + -2 + (-5 - 5)?
-94
Calculate -3 + (-13 - -26 - -4 - (-2 + (-3 - 5))).
24
What is (-11 - -41) + -50 + 59?
39
Evaluate (19 - (120 + 11)) + 124.
12
Calculate 23 + (8 - 29) + (-3 - -1) - (2 - 11).
9
What is 4 - ((-17 - -8) + 17 - -4)?
-8
Evaluate -6 - (28 + -69 + 27).
8
50 + -164 + 140 - (0 + 13)
13
16 + -3 - (-22 + -2 + (-338 - -311))
64
Evaluate -4 + (3 + -11 - -81) - (23 - 32).
78
Evaluate 61 - (-4 + 12 + -6 - -5 - 4).
58
(0 - -8) + (10 - (0 - (4 + 76 + -3)))
95
What is the value of (-5 - (3 - -3 - (33 + -21))) + 41?
42
What is the value of -1 + -16 - (-46 - (-193 + 133))?
-31
Calculate -18 + 12 + 13 + 0 + (21 - 1) + 0.
27
What is (-1 - 13 - (-19 - (0 - 2))) + 15?
18
Calculate -10 + 38 - (-4 + 2 - (-17 + 6)).
19
(0 - 1) + -51 - (1 - (7 - -8))
-38
What is 3 + -3 - -12 - (0 + -16)?
28
What is 75 - 3 - (-65 + 52)?
85
Evaluate 37 - ((26 - (-75 + 25)) + 32).
-71
(0 - -11) + (-29 - 7 - (-197 - -106))
66
61 + -81 + -35 - -18
-37
What is the value of 16 + (2 - (-6 + -95)) + 97 + -116?
100
(70 - (61 + -10)) + (42 - -8)
69
Calculate 100 - 67 - -26 - 75.
-16
What is 7 + -5 + -4 - (-30 + 50 + (7 - 17))?
-12
What is the value of (1 - 12) + (-4 + 15 - (12 - 2))?
-10
Evaluate -5 + -106 + 537 + -441.
-15
What is the value of 65 + -2 + (79 - (-12 - -90))?
64
What is the value of 2 - -44 - (-1507 - -1527) - (-14 + 1)?
39
What is the value of -66 + 3 + 6 + -3 - (-41 - -23)?
-42
Evaluate -3 - 1 - 1 - (-1 - -8 - (-194 - -218)).
12
5 + -7 - ((2 - 12) + -99 + 116)
-9
(14 - 2) + -99 + -10 + 38 + 12
-47
-3 - (20 + -1 - (268 - 292))
-46
Evaluate -14 + (-12 + -1 - (-21 - (-10 - 2))).
-18
What is (-23 - 12) + 12 + -16 + -1?
-40
1 - ((57 + -46 - (-2 - -6)) + -15)
9
Evaluate -34 + 118 + 26 - 120.
-10
Calculate -73 + 19 - (57 - (17 - -11)).
-83
Evaluate 42 + (36 - 20) + -20.
38
Calculate 27 - -2 - (-17112 + 17267).
-126
Evaluate -11 - ((-28 - (-57 - -25)) + (-1 - 1 - 4)).
-9
Evaluate -51 - (-35 - (15 - (42 - 29))).
-14
Calculate 1 - 13 - (-126 - -109).
5
Evaluate (13 + 3 - (-30 + -15 + 15)) + (8 - -1).
55
Calculate -14 + (66 - (-143 + 178)).
17
What is the value of (-10 - 11) + -60 + 96 + (-1 - 102)?
-88
-5 - (-28 - 4) - (-1 + (-2 - (11 + -23)))
18
What is -94 - (52 - (9 + 72))?
-65
-29 - (9 - (0 + 31 + -11))
-18
What is -4 + 10 - (-21 + 35 + -21)?
13
What is the value of 8 + 44 + 8 + (6 + -11 - (3 - 1))?
53
Calculate 31 - (-13 + 175 + -177 + 9 + -2).
39
Calculate 43 - ((22 - -8) + -16 + -16).
45
What is the value of -27 + 0 - (-45 - -29) - 1?
-12
What is 1 - 5 - (-4 - 0) - (101 - 116)?
15
Calculate -71 + 140 + -23 + -62.
-16
Evaluate -8 - (-26 + 29 + -16 + 29 + -3).
-21
Calculate (-5 - 0) + (31 - 35) - -4 - (-2 + 27).
-30
Calculate (8 - (-1 + 8)) + 18 - (15 + -2 - 6).
12
What is (-30 - (44 + (30 - 48))) + -23?
-79
What is 7 + (16 - 4 - (10 + 3)) + -51?
-45
What is -11 + 3 + 1 + (4711 - 4724)?
-20
Calculate (-1 - (-20 + 8)) + 6 + (-3 + -112 - -2).
-96
What is (-9 + 12 - 11) + -6 + -12?
-26
Evaluate 87 - 80 - (79 - 0) - (-32 + 13).
-53
What is (-62 - -12) + (10 - (10 + -6)) - -11?
-33
What is -1 + -12 + -1774 + 1926 - (2 - -7)?
130
What is the value of -140 - -123 - (-36 + -14)?
33
Evaluate 1 + -60 + -3 - (-51 + 44) - (7 + -17).
-45
What is the value of -10 - (33 + -31 + 4) - 11?
-27
Evaluate (-14 - -8) + (-2 - (-2 - 12)) + -16 + -5.
-15
What is the value of 48 - ((38 - 54) + 26) - -20?
58
What is (-7 - -1) + 22 + (14 - -7) + -3 + 2?
36
What is the value of -14 - (-50 + -14 - -22)?
28
Calculate -26 - (27 - (-22 - -90)).
15
Evaluate -9 + 1 - (18 + -43 - -46).
-29
What is 60 + -42 + 30 + -6 + (19 - -3) + -1?
63
Evaluate 27 + -46 - 56 - (5 - 7 - 3).
-70
What is -39 - (19 - 7) - (-48 - -30)?
-33
38 - ((112 - 148) + -45)
119
What is the value of 171 - 165 - (13 + -22 + -15)?
30
Calculate (0 - -134) + 1736 + -1824.
46
52 + (3 - 0) - (2 + 11 + 182 + -192)
52
What is -2 + (-62 - -91 - (17 - 1)) + 3?
14
What is 95 - (-73 + 86) - (-1 - -41)?
42
What is the value of 5 + -18 + 63 + -77 + 2 + -11?
-36
-44 - (-175 - (-52 + 37 + 38))
154
Calculate -20 - (-6 - (-8 - -52)).
30
(-8 - (8 - 16 - (3 + -3))) + 32
32
Evaluate 87 - ((-26 - -21) + 25) - 1.
66
Calculate 97 - ((9 - 2) + (-5 - -2)) - (-157 + 167).
83
Evaluate 18 - (5 + 51) - (5 - 77).
34
9 - 13 - -23 - 11 - -19
27
(-2 - 0) + -19 + (82 - 64) - -43
40
Calculate -2 - (6 + 52 + (17 + -13 - 11)).
-53
What is 4 + 19 + -1 + -15 + 20?
27
Calculate (0 - (-16 + 3 + 31)) + 4 + 104.
90
Evaluate -3 + 8 + (12 - 23) - (5 + -1 + -40).
30
What is (-4 - (2 + 7)) + -39 + -13 + 82?
17
What is 1 + -32 + (-15 + 50 - 19) + 7 + 39?
31
((-2 - 19) + (-2 - -3) - -13) + 2 + -81
-86
Calculate 12 - 17 - ((-42 - -48) + -2 + 0 + -12).
3
Calculate (47 - (31 + 27) - (-1 + -5)) + -75.
-80
What is (-1 - -5 - 3) + (-18 + -2 - -5) + 37?
23
Calculate -30 + 24 + 88 + -40 + -77.
-35
What is the value of -3019 - -2988 - (-1 - -58)?
-88
Evaluate 7 + (79 - 59 - 123).
-96
What is the value of (0 - 3) + (-1839 - -1808)?
-34
Calculate -43 - (-17 - (-223 + 203 - (-21 + 0))).
-25
1 + -70 - (-2101 + 2143 - (2 - -44))
-65
46 - (-8 + 44) - ((-9 - -119) + (4 - -3))
-107
Evaluate 325 + -280 - (-17 + 152 + -2).
-88
37 + ((-1 - -4) + -18 - (-48 + (-71 - -115)))
26
What is the value of 28 + (53 - 26 - 16) - -8?
47
-91 + -46 + 180 - 166
-123
Evaluate (-42 - -2) + (-1534 - -1527).
-47
(-116 - 1) + (85 - 42 - 49) - (-1 - 4)
-118
Evaluate 22 - (5 + 6) - (174 - 145).
-18
Evaluate (12 - -1) + 3 + (-1 - -2) + (73 - 75).
15
What is (-5 + 8 + 6 - (-32 + -10)) + (0 - 1)?
50
Evaluate -11 + (-10 - -33) + (3 - 13) + 109 + -1.
110
-38 + 1 + (-115 - (-154 + 62))
-60
What is (19 + -47 - -34) + (1 - 2 - 10)?
-5
What is -32 + (43 - -1 - 25)?
-13
-104 - (-27 - 132) - (1 + (3 + -2 - 0))
53
(-17 - -50) + (-30 - -4)
7
Evaluate -71 - ((31 - 22) + -47).
-33
What is 240 - ((-136 - -130) + 139)?
107
Evaluate -21 + 9 + 52 - (-7 + 2 - -6).
39
-13 + (11 - 6 - ((-3 - -12) + -3 + -1))
-13
Evaluate 14 - (1 + 6 + (1 - 14)).
20
What is -2 - (8 + 9 + (109 + -95 - (19 - 0)))?
-14
What is -41 - -126 - 85 - (0 - 1)?
1
Calculate -869 - -854 - (-32 - 2).
19
Calculate 38 + 35 + (-70 - -84).
87
Evaluate 134 - 137 - 24 - (2 - 25).
-4
34 + -21 + -99 + (163 - 162)
-85
Calculate 4 + 36 + -137 + 82.
-15
3 - (0 - -16) - -64
51
Calculate -7761 - -7696 - (-88 - 0).
23
Calculate -1695 - -1723 - (73 - 1).
-44
Evaluate -16 + -2 - (-21 - (20 + -32)).
-9
61 - (-42 + -22 - -192)
-67
-55 + (-4 - (-2 - (-23 + 38)))
-42
28 + 5 + (4 - (21 - -2)) + 0
14
Calculate (33 + 19 - 44) + -10.
-2
(103 + -52 - -39) + -166
-76
What is the value of (-804 + 806 - (-1 - (2 - 2))) + (13 - -18)?
34
What is 14 + (-56 - (15 + 4 + 0))?
-61
Evaluate (-551 - -538) + -23 + (-1 - -2) - -13.
-22
What is the value of (53 - 53) + 63 + -27?
36
-6 + 22 - (-8 + 19 + -38)
43
41 + 76 + -133 + (-1 - 32)
-49
Calculate 1 + 40 + 46 + -67 - 22.
-2
Evaluate 0 + 44 + -6 + (-10 - (-1 + -3 - 0)).
32
What is (13 - 13 - -10) + 11 + -69?
-48
Evaluate 32 + -26 - 3 - -47.
50
What is the value of 107 - (6 + -6 + -12 - (-21 + 23)) - 12?
109
Evaluate 44 + 64 - (130 - 80).
58
-12 + 11 + -12 + 6 + 17 - (1 + 57)
-48
17 - ((-19 - 1) + 500 + -407)
-56
Evaluate -3 + 1 - (-10 - (34 - 36)) - -39.
45
-7 + (9 + -7 - -11) + 6 + -3
9
What is -1 + 136 + (-323 - -355 - (54 - -2)) + 20?
131
What is the value of (-39 + 55 - (20 + -6)) + (-25 - (2 + -1))?
-24
4 - ((0 - 8) + (91 - 89)) - -13
23
Evaluate (11 - 20) + (-13 - -14) + -1 + -43.
-52
What is the value of (3 - (-20 + 5) - 0) + 14?
32
What is the value of 14 - 78 - (-149 + 79)?
6
What is the value of (9 + -13 + -7 + 28 - -70) + 3?
90
Calculate 50 + -6 + (52 - (104 - -56)).
-64
3 + -28 + (219 - 183) + -2 + 10
19
What is -22 + 17 + (4 - (3 + -1)) + 37?
34
83 + (0 + 2 - 2) - (-79 - (222 + -297))
87
What is (2 - -13) + (-83 - 33) + 161?
60
Calculate 37 + -31 + 18 + -13 + (40 - (2 + -3)).
52
What is -4 - (6 + 1 + -16 - (-9 - 24))?
-28
What is the value of -1 - -16 - (-188 + 388 - 91)?
-94
What is the value of -34 +